 What is g(a)?
1
Let v(t) be the second derivative of t**5/20 + t**4/2 + t**3/6 + 3*t**2/2 + 57*t. Calculate v(-6).
-3
Let t(h) = -h**2 - 4*h + 3. Suppose 4*p - 6 = 2. Suppose 0 = 2*n - d + 9, 36 = -4*n - n - p*d. Let k be 16/n*3/2. Calculate t(k).
3
Let y = 11 + -9. Let x(o) = 11*o - 3. Calculate x(y).
19
Let j(y) = 15*y**2 + 1 + y**3 + 5 - 2 + 0*y**3 + 14*y. Let l be j(-14). Let s(u) = l*u**2 - 3 + u**3 - 4*u**2 + 3*u**2. Determine s(-3).
-3
Let a(z) be the second derivative of -z**4/12 - z**2 + z. Let q(o) be the third derivative of o**4/24 + 2*o**3/3 - 9*o**2. Let d be q(-2). Give a(d).
-6
Let q be 1 - 52*3/12. Let f(j) = j + 4. Give f(q).
-8
Suppose -5 = 3*m - 8. Let j be -1*(m + (4 - 8)). Let w(s) = s**3 - 4*s**2 + 3*s + 1. Calculate w(j).
1
Let g(y) be the first derivative of y - 2. Let k(q) = q - 2. Let m(b) = -4*g(b) - 3*k(b). What is m(-2)?
8
Let f(s) be the third derivative of s**6/720 - s**5/120 + 3*s**4/2 - 34*s**2. Let y(o) be the second derivative of f(o). Determine y(2).
1
Let h(y) = -5*y**2 + 2*y - 2. Let j(l) be the second derivative of l**4/2 - l**3/2 + 3*l**2/2 - l. Let i(t) = 4*h(t) + 3*j(t). What is i(2)?
-9
Let z be 55/44 + (-138)/(-24). Let y(l) = -l**3 + 10*l**2 - 21*l + 4. Determine y(z).
4
Let z(k) = -10*k - 6. Let i(u) = 19*u + 11. Let s(t) = -3*i(t) - 5*z(t). Calculate s(-4).
25
Let m = -8 + 8. Suppose -2*q = -3*k - 25, q = 5*k - 4 + 20. Let g(h) = m*h - 4 + h + q. What is g(-4)?
3
Let k be (0 - -2)/((-4)/(-6)). Let g be 3/12 - k/12. Let z(s) = s + 13. Give z(g).
13
Let x(w) = 18*w - 9. Let s(d) = -25*d + 13. Let i(z) = 5*s(z) + 7*x(z). Give i(-8).
-6
Let v(u) = 0 + 24*u - 8 - 17*u. Let h(t) = 13*t - 15. Let n(j) = 6*h(j) - 11*v(j). Calculate n(4).
2
Let h(a) = a**2 + 12*a + 12. Let s be h(-11). Suppose 3*w + 3*m = -5 - s, 5*m = -4*w - 4. Let o(u) = u + 1. Calculate o(w).
-5
Suppose q + 3*q + y - 9 = 0, q = 4*y - 2. Suppose -5*t = -q*k - 16, -4*t - 4 = -5*k - 10. Let r(w) = -2*w**2 - 1. Calculate r(k).
-9
Suppose -49 + 13 = -3*q. Let x be 50/8 - 3/q. Let d(i) = -1 - i + x - 5. Determine d(-7).
7
Suppose -5*q = -2*p + 146, 0 = -p - 3*p + 5*q + 292. Let r = 0 - -2. Let n(y) = -y**r + p*y - 75*y - 1 + 0. Give n(-4).
-9
Let t(q) = -2*q + 3. Let a(o) = o - 3. Let c(k) = -4*a(k) - 3*t(k). Let y = 33 - 21. Suppose y*i - 6*i = -30. Determine c(i).
-7
Suppose 0 = -16*g + 49 - 1. Let c(l) be the second derivative of 0 + 1/6*l**4 - 1/2*l**2 - 1/6*l**g + l. Give c(-1).
2
Let i(z) = -2 - 7*z**3 - 5 - z - 35*z**2 + 36*z**2 + 4. Let l be i(-1). Let k(s) = -s. What is k(l)?
-6
Let d(b) = -2*b - 67. Let j be (-2 - (-110)/30)/((-2)/36). What is d(j)?
-7
Let z(o) be the first derivative of o**2 + o + 1. Let m = 33 - 27. Suppose 11*d - m*d = -10. What is z(d)?
-3
Let t(l) = 2*l - 2. Let r(i) = i**2 + 4*i - 7. Let n = 27 + -32. Let m be r(n). Give t(m).
-6
Let a(l) be the second derivative of l**4/4 - l**3/6 + l**2/2 + 13*l. Suppose -5*c = 8 + 2. What is a(c)?
15
Let p(n) = -1. Let q(t) = -t + 12. Let s(j) = -2*p(j) + q(j). Determine s(7).
7
Let q = -1 + -7. Let u(w) = -w - 5. Let n be u(q). Let z(x) = 2*x**2 - 5*x + 2. Determine z(n).
5
Let o(c) = 14*c - 1. Let r = -408 - -409. Determine o(r).
13
Let n(r) = r**3 + 7*r**2 + 6*r. Let m = 9 + -1. Let o be (m/10)/((-46)/345). What is n(o)?
0
Let j(u) = 6*u**3 + u**2. Let x be (-10)/(-35) + (-172)/14. Let g be 6*3*x/(-18). Let q be (-15)/(-105) + g/14. Give j(q).
7
Let v(m) = 9*m + 23. Let a(o) = -2*o - 3. Let n(f) = 5*a(f) + v(f). Calculate n(5).
3
Let g be (-2 + 1)*4 + 27. Let z(m) = 3*m - 62. Calculate z(g).
7
Let c be (-1)/1 + (16 + -6)/2. Let i(z) = z - 4. What is i(c)?
0
Suppose 3*b - 15 = -0. Let t(u) = -u**2 - 4*u + 2. Let w be t(-4). Let q(j) = -w + j + 0 - 5. Give q(b).
-2
Let s(t) = -8*t + 7 - 3*t**2 + 4 + 2*t**2 + 17*t. Give s(8).
19
Let l(f) be the first derivative of 2*f**3/3 + f**2/2 - f - 629. Give l(-2).
5
Let o(q) = -27*q - 132. Let l be o(-5). Let c(z) = 11*z - 9. Give c(l).
24
Let b = -4 + 9. Let y(v) = -v**2 + 1 + 26*v - 51*v + 3 + 30*v. Calculate y(b).
4
Let p be 6*(2 - (-1)/(-2)). Let g = -15 + p. Let s(u) = -5 + u**2 - 36*u + 77*u - 38*u. Calculate s(g).
13
Let n(f) = 4*f**2 + f**3 + 10 - 6*f + 7*f**2 - 3*f**2 - 2*f**2. Determine n(-7).
3
Let w(g) = g. Let s be 4/14 + 3/((-126)/(-2550)). Suppose 4*x + 57 = s. Calculate w(x).
1
Let h(n) = -1 + 12*n - 12*n + 5*n + 2*n. What is h(-7)?
-50
Suppose -n = -4*l - 19, -5*l - 7 + 2 = 5*n. Let k(f) be the first derivative of -f**4/4 + 4*f**3/3 - f**2/2 + f - 15. Calculate k(n).
7
Let v(u) be the first derivative of -u**4/12 + 7*u**3/6 + 11*u - 9. Let t(g) be the first derivative of v(g). Calculate t(4).
12
Let z = 78 - 74. Suppose -z*c = p + 3*p - 8, -5*p = 3*c - 12. Let v(s) = -10*s - 1. What is v(c)?
9
Let h(k) = k**2 + k. Let x(i) be the first derivative of -i**3 - 5*i**2 + 4*i - 2. Let z(p) = -4*h(p) - x(p). Determine z(4).
4
Let d be 72/(-33) - -2 - (-858)/726. Let g(v) = 5*v**2 - 7*v + 8. Calculate g(d).
6
Let z(d) = d**3 - 11*d**2 + 26*d - 14. Let o be z(8). Let q(i) be the first derivative of 1/4*i**4 + 1 - o*i**3 - 4*i**2 + 9*i. Calculate q(7).
2
Let f(n) = n - 4. Let h be ((-9)/6)/(12/(-32)). Let r = 10 - h. Give f(r).
2
Let b(k) = 4 - 3*k + 6*k - 2*k. Suppose -7 = 4*z - c - 2*c, -2*z - 3*c + 19 = 0. Suppose -5*d + 5*w = -40, z*d - 13 = -4*w + 5*w. Give b(d).
9
Let p(r) be the third derivative of 1/60*r**5 + 0*r + 0*r**4 + 0 + 1/6*r**3 - 5*r**2. Suppose 8 + 6 = 7*v. Give p(v).
5
Let v = 500 + -497. Let p(t) = -4*t + 2. What is p(v)?
-10
Let f(o) = -22*o**2. Let u = -156 - -155. Give f(u).
-22
Let x be (-4)/2 - 4264/(-2080). Let q(y) be the second derivative of 1/2*y**2 - 1/4*y**4 - 13*y + 0 + 1/6*y**3 + x*y**5. Give q(3).
4
Suppose -9 = -4*w + 3, 3*k - 5*w - 15 = 0. Let g(a) = -24 + k + 9*a + 16. Calculate g(2).
20
Let j(l) be the second derivative of 2*l**4/3 + l**2/2 + l. Let o(w) = 2*w - 23 - w + 0*w - 3*w. Let z be o(-11). What is j(z)?
9
Let s(u) = 18*u - 34. Let t(k) = -5*k + 8. Let v(b) = s(b) + 4*t(b). Suppose -5*p - 3 - 17 = 0. Determine v(p).
6
Let p(u) be the second derivative of u**5/20 - 5*u**4/12 + 7*u**3/6 - 5*u**2/2 + u + 25. Determine p(4).
7
Suppose -18*l + 2062 = 82. Let y = -115 + l. Let w(j) = j**3 + 5*j**2 - j - 4. Determine w(y).
1
Let c = -12 + 12. Suppose -4*r + 9 + 11 = c. Let p(j) = -6*j**2 + 8*j - 3. Let g(m) = m**2. Let l(b) = -5*g(b) - p(b). What is l(r)?
-12
Suppose 0 = 5*l - 4*l + 1. Let n(m) = -m - 1. Calculate n(l).
0
Let u(h) = h**3 - 8*h**2 + 8*h - 2. Let k be 205/10 + ((-1)/(-1))/2. Let s = k + -14. Calculate u(s).
5
Let l(q) = 4*q. Let j(i) = -i**3 + 12*i**2 - 25*i + 40. Let h be j(10). Give l(h).
-40
Let a(m) = 2*m**2 + 12*m - 12. Let z(o) = 5*o**2 + 35*o - 36. Let j(h) = 11*a(h) - 4*z(h). Let y be j(3). Let i(c) = c**2 - 5*c + 6. What is i(y)?
12
Let o = -31 + 38. Let y(l) = 32*l**2 - 2 - 31*l**2 + 0 - o*l. Calculate y(7).
-2
Let k = 0 - -3. Suppose 3*d + k = 6. Let v(w) = w + 0 - 2*w - 2 + d. Give v(-5).
4
Let n(l) = -2 - l**2 + 2*l**2 - 14 + 12 + 17*l. Determine n(-17).
-4
Let j(d) = -2*d - 1. Let b(v) be the third derivative of v**4/12 - v**3/2 + 5*v**2. Let w be b(7). Let i = w + -9. Give j(i).
-5
Let j(f) = -f**2 + 2*f - f**3 - 4*f + f - 2. Let g = 5958 - 5958. Give j(g).
-2
Let f be (-7)/((-21)/(-6)) - (-6)/(-3). Let i(y) = y**2 + 3*y - 2. Give i(f).
2
Let r(y) = 0*y**2 - y**2 - 2*y**2 - 1 - y**3 + 4*y. Let b(d) = -d**3 + 13*d**2 - 13*d + 8. Let l be b(12). Give r(l).
-1
Let f(p) = 4*p. Let s(i) = -i. Let n(y) = f(y) + 5*s(y). Let o = 1955 + -1959. Calculate n(o).
4
Let p(j) = -j**2 + 5*j - 2. Let h be 0/(3/(-1)) - (1 - -14). Let k be (h/9)/((-4)/12). What is p(k)?
-2
Let d(f) = 0 - 7 + f + 5. Give d(5).
3
Let j(w) = -w - 19. Suppose 0 = -16*b - 240 + 32. What is j(b)?
-6
Let r(c) = -c + 2. Let k(s) = 3*s**2 - 5*s - 2. Let n be k(-1). Determine r(n).
-4
Let u(w) be the first derivative of w**4/4 + w**3/3 - 11*w + 158. Give u(0).
-11
Let s = 6 - 6. Let b(f) = 3*f**2 + 2*f + 6 + 6 + 0*f - 3*f. Let y(d) = -4*d**2 + 2*d - 13. Let x(h) = 3*b(h) + 2*y(h). Give x(s).
10
Let b(y) be the first derivative of -y**6/360 - y**5/40 + 5*y**4/24 + 22*y**3/3 + 19. Let c(l) be the third derivative of b(l). Determine c(-5).
-5
Let q(r) = -169*r + 10. Let l(y) = 33*y - 2. Let n(u) = -11